e hundreds digit of 33236?
2
What is the tens digit of 1205?
0
What is the tens digit of 84?
8
What is the ten thousands digit of 101544?
0
What is the units digit of 52188?
8
What is the units digit of 8821?
1
What is the units digit of 997?
7
What is the tens digit of 36708?
0
What is the tens digit of 95579?
7
What is the thousands digit of 17555?
7
What is the thousands digit of 57170?
7
What is the ten thousands digit of 28982?
2
What is the tens digit of 25164?
6
What is the tens digit of 5281?
8
What is the ten thousands digit of 127453?
2
What is the units digit of 2691?
1
What is the tens digit of 75670?
7
What is the units digit of 1034?
4
What is the hundreds digit of 1604?
6
What is the tens digit of 73522?
2
What is the hundreds digit of 31029?
0
What is the units digit of 3303?
3
What is the tens digit of 139?
3
What is the hundreds digit of 714?
7
What is the thousands digit of 1219?
1
What is the tens digit of 90457?
5
What is the units digit of 18903?
3
What is the thousands digit of 1503?
1
What is the units digit of 1935?
5
What is the hundreds digit of 6110?
1
What is the units digit of 1520?
0
What is the tens digit of 571?
7
What is the hundreds digit of 23880?
8
What is the tens digit of 74711?
1
What is the ten thousands digit of 60167?
6
What is the tens digit of 1742?
4
What is the hundreds digit of 673?
6
What is the thousands digit of 6653?
6
What is the tens digit of 408?
0
What is the tens digit of 1708?
0
What is the units digit of 5168?
8
What is the hundreds digit of 172646?
6
What is the units digit of 995?
5
What is the units digit of 27652?
2
What is the ten thousands digit of 178315?
7
What is the units digit of 284?
4
What is the units digit of 7339?
9
What is the tens digit of 4495?
9
What is the tens digit of 18585?
8
What is the thousands digit of 1468?
1
What is the hundreds digit of 7052?
0
What is the hundred thousands digit of 153462?
1
What is the ten thousands digit of 18022?
1
What is the ten thousands digit of 34334?
3
What is the hundreds digit of 15412?
4
What is the hundreds digit of 3016?
0
What is the tens digit of 65272?
7
What is the units digit of 6375?
5
What is the units digit of 78995?
5
What is the tens digit of 8745?
4
What is the hundreds digit of 2059?
0
What is the tens digit of 1306?
0
What is the units digit of 49045?
5
What is the thousands digit of 41213?
1
What is the ten thousands digit of 128829?
2
What is the thousands digit of 25565?
5
What is the ten thousands digit of 47284?
4
What is the hundreds digit of 166?
1
What is the tens digit of 7297?
9
What is the ten thousands digit of 174908?
7
What is the hundreds digit of 288?
2
What is the thousands digit of 2163?
2
What is the units digit of 4693?
3
What is the thousands digit of 2698?
2
What is the units digit of 245?
5
What is the units digit of 5411?
1
What is the units digit of 24358?
8
What is the units digit of 5768?
8
What is the hundreds digit of 3529?
5
What is the units digit of 13166?
6
What is the thousands digit of 1589?
1
What is the hundreds digit of 1800?
8
What is the hundreds digit of 4878?
8
What is the tens digit of 3669?
6
What is the hundreds digit of 66021?
0
What is the hundreds digit of 874?
8
What is the tens digit of 31734?
3
What is the thousands digit of 23088?
3
What is the thousands digit of 5172?
5
What is the tens digit of 25043?
4
What is the hundreds digit of 273?
2
What is the tens digit of 6332?
3
What is the tens digit of 1260?
6
What is the units digit of 1151?
1
What is the units digit of 1339?
9
What is the thousands digit of 4818?
4
What is the hundreds digit of 92726?
7
What is the hundreds digit of 417?
4
What is the tens digit of 90358?
5
What is the units digit of 6034?
4
What is the units digit of 5?
5
What is the thousands digit of 24606?
4
What is the hundreds digit of 6515?
5
What is the tens digit of 6667?
6
What is the ten thousands digit of 76861?
7
What is the tens digit of 508?
0
What is the thousands digit of 14853?
4
What is the units digit of 1371?
1
What is the ten thousands digit of 41801?
4
What is the tens digit of 48?
4
What is the thousands digit of 1958?
1
What is the thousands digit of 4718?
4
What is the thousands digit of 56473?
6
What is the hundreds digit of 6060?
0
What is the hundreds digit of 913?
9
What is the tens digit of 8271?
7
What is the thousands digit of 8712?
8
What is the hundreds digit of 9406?
4
What is the hundreds digit of 181070?
0
What is the units digit of 311?
1
What is the tens digit of 482?
8
What is the hundreds digit of 866?
8
What is the thousands digit of 4363?
4
What is the thousands digit of 6850?
6
What is the thousands digit of 7205?
7
What is the tens digit of 15476?
7
What is the hundreds digit of 4109?
1
What is the tens digit of 107666?
6
What is the hundreds digit of 4242?
2
What is the units digit of 2209?
9
What is the thousands digit of 1543?
1
What is the tens digit of 2839?
3
What is the units digit of 645?
5
What is the tens digit of 3214?
1
What is the units digit of 3026?
6
What is the hundreds digit of 8910?
9
What is the hundreds digit of 193?
1
What is the ten thousands digit of 122275?
2
What is the tens digit of 9963?
6
What is the tens digit of 973?
7
What is the tens digit of 368?
6
What is the thousands digit of 3826?
3
What is the units digit of 20451?
1
What is the units digit of 1844?
4
What is the hundreds digit of 50173?
1
What is the units digit of 4518?
8
What is the thousands digit of 2965?
2
What is the thousands digit of 4583?
4
What is the hundreds digit of 1059?
0
What is the units digit of 2834?
4
What is the units digit of 599?
9
What is the units digit of 2921?
1
What is the hundreds digit of 907?
9
What is the tens digit of 3637?
3
What is the tens digit of 1976?
7
What is the ten thousands digit of 23830?
2
What is the units digit of 53973?
3
What is the thousands digit of 5005?
5
What is the tens digit of 8485?
8
What is the units digit of 34373?
3
What is the units digit of 5108?
8
What is the units digit of 17655?
5
What is the thousands digit of 84172?
4
What is the hundreds digit of 15219?
2
What is the thousands digit of 1131?
1
What is the hundreds digit of 72682?
6
What is the units digit of 247?
7
What is the hundreds digit of 965?
9
What is the hundreds digit of 2179?
1
What is the tens digit of 60540?
4
What is the hundreds digit of 15107?
1
What is the thousands digit of 1937?
1
What is the thousands digit of 11957?
1
What is the ten thousands digit of 11366?
1
What is the hundreds digit of 69584?
5
What is the hundreds digit of 9026?
0
What is the thousands digit of 1053?
1
What is the hundreds digit of 19571?
5
What is the hundreds digit of 83464?
4
What is the tens digit of 85?
8
What is the tens digit of 5700?
0
What is the units digit of 4645?
5
What is the hundreds digit of 2588?
5
What is the thousands digit of 6468?
6
What is the hundreds digit of 19102?
1
What is the ten thousands digit of 12203?
1
What is the tens digit of 57059?
5
What is the ten thousands digit of 30689?
3
What is the units digit of 612?
2
What is the units digit of 552?
2
What is the units digit of 4?
4
What is the hundreds digit of 3481?
4
What is the hundreds digit of 3360?
3
What is the units digit of 3377?
7
What is the hundreds digit of 16801?
8
What is the hundreds digit of 6718?
7
What is the units digit of 39191?
1
What is the thousands digit of 5274?
5
What is the units digit of 29137?
7
What is the tens digit of 783?
8
What is the hundreds digit of 2186?
1
What is the tens digit of 2485?
8
What is the tens digit of 3143?
4
What is the units digit of 51330?
0
What is the units digit of 10234?
4
What is the thousands digit of 1496?
1
What is the units digit of 2002?
2
What is the hundred thousands digit of 185017?
1
What is the thousands digit of 1301?
1
What is the tens digit of 6191?
9
What is the tens digit of 29427?
2
What is the thousands digit of 3198?
3
What is the ten thousands digit of 30218?
3
What is the hundreds digit of 4109?
1
What is the thousands digit of 7585?
7
What is the units digit of 4792?
2
What is the thousands digit of 8939?
8
What is the tens digit of 5348?
4
What is the units digit of 7603?
3
What is the tens digit of 148343?
4
What is the ten thousan